ine p(5).
-3
Let w(r) = -2096*r - 12642. Give w(-6).
-66
Let g(s) = s**3 - 8*s**2 + 26. Give g(7).
-23
Let k(j) = 2*j**3 + 77*j**2 + 344*j + 40. What is k(-5)?
-5
Let c(i) = i**3 + 90*i**2 - 185*i - 12. Calculate c(-92).
80
Let h(d) = -1465*d - 14635. What is h(-10)?
15
Let g(q) = 270*q + 47785. Calculate g(-177).
-5
Let g(y) = y**3 + 52*y**2 + 359*y + 35. Calculate g(-44).
-273
Let t(w) = -38*w + 1295. Calculate t(34).
3
Let i(r) = -4*r**3 + 25*r**2 + 48*r - 298. What is i(6)?
26
Let z(u) = 155*u - 264. Calculate z(4).
356
Let h(o) = -6*o**3 - 22*o**2 - 11*o - 65. Calculate h(-4).
11
Let f(u) = u**3 - 5*u**2 - 29*u + 138. Calculate f(8).
98
Let s(d) = -2*d**2 + 126*d + 948. Determine s(-7).
-32
Let h(k) = -777*k**2 + 3885*k + 17. Give h(5).
17
Let m(t) = -35*t + 14. Determine m(-1).
49
Let r(v) = v**3 + 28*v**2 - 101*v - 247. Determine r(-31).
1
Let s(w) = -w**3 + 38*w**2 - 82*w + 291. Give s(36).
-69
Let c(p) = 2*p**3 - 77*p**2 + 115*p - 163. Calculate c(37).
-15
Let o(i) = 5*i**2 + 39*i + 96. Give o(-3).
24
Let j(v) = -2*v**2 + 36*v + 293. Calculate j(-6).
5
Let f(m) = -m**3 - 19*m**2 - 27*m - 197. Give f(-15).
-692
Let s(i) = -i**2 + 4*i + 174. Determine s(15).
9
Let h(k) = k**3 - 5*k**2 - 5*k - 132. What is h(0)?
-132
Let j(m) = -58*m**2 + 283*m + 39. Determine j(5).
4
Let a(c) = -c**3 - 16*c**2 + 336*c + 14. Calculate a(12).
14
Let l(s) = s**3 + 21*s**2 + 12*s - 159. Determine l(-20).
1
Let d(g) = -g**3 + 84*g**2 - 175*g + 954. Determine d(82).
52
Let i(h) = -h**3 - 16*h**2 + 43*h + 6. Give i(4).
-142
Let i(q) = 2*q**3 - 139*q**2 - 80*q + 604. Calculate i(70).
-96
Let m(b) = 145*b - 1284. What is m(8)?
-124
Let p(h) = 2*h + 155. What is p(-65)?
25
Let m(r) = -2*r**3 + 6*r**2 - 2*r - 6. Give m(2).
-2
Let f(r) = 6*r**2 + 27*r + 79. Determine f(-3).
52
Let o(b) = b**2 - 66*b + 1273. What is o(35)?
188
Let w(n) = -7*n**3 - 3*n**2 + n + 2. Determine w(1).
-7
Let m(v) = -18*v + 1103. Give m(61).
5
Let k(m) = -87*m**3 - 16*m**2 - 22*m - 5. Determine k(-1).
88
Let m(k) = k**3 - 214*k**2 - 2006*k - 218. Give m(223).
5
Let l(x) = x**3 - 21*x**2 + 448*x - 10336. Calculate l(22).
4
Let k(j) = 2*j**2 - 85*j + 343. Give k(38).
1
Let f(y) = -y**3 + 15*y + 248. Give f(0).
248
Let p(z) = z**2 + 107*z + 1872. What is p(-22)?
2
Let q(g) = g**2 + 17*g + 36. Calculate q(-10).
-34
Let u(h) = 13*h**2 - 2844*h - 12269. Give u(223).
-4
Let c(t) = -331*t + 12603. Calculate c(38).
25
Let q(r) = -r**2 + 63*r + 178. Determine q(63).
178
Let b(m) = -m**2 + 19*m + 231. Determine b(-14).
-231
Let x(d) = -d**3 - 9*d**2 + 2*d + 88. Calculate x(-4).
0
Let w(f) = -1045*f - 12544. Give w(-12).
-4
Let q(x) = x**2 + 35*x - 138. Determine q(-40).
62
Let g(r) = -377*r + 53535. What is g(142)?
1
Let x(l) = -7*l**2 + 454*l + 521. Give x(66).
-7
Let q(z) = 74*z**3 - 2*z**2 - 5*z - 4. Calculate q(-1).
-75
Let s(x) = x**3 - 30*x**2 + 40*x + 33. Calculate s(29).
352
Let x(f) = -2*f**3 - 74*f**2 - 74*f - 46. Calculate x(-36).
26
Let m(v) = -v**3 + 28*v**2 - 107*v - 4. Calculate m(4).
-48
Let x(o) = 31*o + 14. Determine x(3).
107
Let w(v) = 27*v + 1005. Calculate w(-36).
33
Let t(i) = -i**3 + 25*i**2 + 6*i - 207. What is t(25)?
-57
Let t(q) = -q**3 - 20*q**2 - 36*q - 106. What is t(-19)?
217
Let o(x) = x**3 - 21*x**2 - 275*x - 8. Calculate o(-9).
37
Let m(o) = 17*o**2 + 91*o - 19. Calculate m(-8).
341
Let n(r) = -7*r**3 + 7*r**2 - 8*r + 4. Give n(2).
-40
Let k(u) = -3*u**2 - 23*u + 192. What is k(7)?
-116
Let g(z) = -2*z**3 - z**2 - 8*z + 25. Calculate g(0).
25
Let r(g) = 5*g**3 + 261*g**2 + 54*g + 105. Give r(-52).
1
Let h(m) = -3*m**3 - 2*m**2 + 32*m + 210. Calculate h(-5).
375
Let k(y) = -3*y**2 + 32*y - 82. Calculate k(0).
-82
Let g(s) = -5202*s + 41596. What is g(8)?
-20
Let a(y) = 2*y**2 + 7*y - 9873. Determine a(-72).
-9
Let x(m) = 2*m**3 + 30*m**2 + 81*m + 84. Determine x(-12).
-24
Let y(u) = 2*u**3 - 5*u**2 - 100*u + 453. Give y(5).
78
Let l(t) = -2*t**3 + 144*t**2 - 331*t + 3579. What is l(70)?
9
Let g(w) = -2*w**2 - 2*w + 4. What is g(0)?
4
Let n(h) = -32*h + 28. What is n(8)?
-228
Let v(b) = -615*b + 287. Give v(2).
-943
Let h(l) = l**2 + 10*l + 20. Calculate h(-6).
-4
Let p(a) = -a**3 - 14*a**2 - 3*a - 54. Give p(-14).
-12
Let r(b) = 267*b - 1604. Determine r(6).
-2
Let l(s) = -43*s - 6. Determine l(1).
-49
Let y(d) = 54*d - 319. What is y(7)?
59
Let q(v) = 49*v**2 + 439*v - 20. Calculate q(-9).
-2
Let n(u) = 2*u**3 + 53*u**2 - 24*u + 97. Determine n(-27).
16
Let z(c) = -4*c**3 + 28*c**2 + 62*c + 93. Calculate z(9).
3
Let w(q) = -q**2 + 12*q + 233. What is w(22)?
13
Let k(a) = 3*a**2 + 119*a - 3808. Determine k(21).
14
Let w(z) = -88*z**2 - 202*z + 5. Determine w(-2).
57
Let r(w) = -5540*w + 66475. Give r(12).
-5
Let b(m) = -m**3 - 9*m**2 + 5*m + 7. Calculate b(3).
-86
Let n(g) = -13*g**2 - 810*g - 234. Determine n(-62).
14
Let t(d) = 86*d**3 + d**2 + d + 1. Determine t(-1).
-85
Let i(v) = -183*v + 12988. Calculate i(71).
-5
Let t(a) = -13*a**3 - 5*a**2 + 3*a + 20. Calculate t(-4).
760
Let m(q) = q**3 - 202*q**2 - 232*q + 5884. Calculate m(203).
-3
Let v(s) = 5*s**2 - 28*s + 69. Determine v(6).
81
Let g(j) = -2*j**2 - 150*j - 1303. Determine g(-65).
-3
Let o(n) = 2*n**2 - 297*n - 1527. Give o(-5).
8
Let w(s) = 35*s + 1682. Calculate w(-48).
2
Let p(b) = -3*b**2 + 63*b - 455. What is p(7)?
-161
Let g(p) = p**3 + 23*p**2 - 50*p + 66. What is g(-25)?
66
Let f(m) = 96*m - 63. Give f(1).
33
Let p(y) = y**3 - 34*y**2 + y - 33. Give p(34).
1
Let s(t) = 10*t**2 - 927*t - 271. Determine s(93).
8
Let u(s) = -s**3 - 10*s**2 - 12*s - 23. Give u(-8).
-55
Let f(y) = y**2 - 215*y + 10152. Calculate f(145).
2
Let y(o) = -o**2 + 110*o - 2768. Give y(39).
1
Let q(i) = i**2 + 27*i + 171. What is q(-15)?
-9
Let g(q) = 47*q - 666. Give g(14).
-8
Let c(i) = -12*i**2 + 224*i - 131. Give c(18).
13
Let j(k) = -296*k**3 + 2*k**2 - 20*k - 23. Give j(-1).
295
Let t(j) = j**3 + 17*j**2 - 21*j + 130. What is t(-19)?
-193
Let d(p) = -9*p**2 + 58*p. Give d(6).
24
Let o(m) = m**2 - 31*m - 760. Give o(39).
-448
Let f(o) = -o**3 - 5*o**2 + 278*o + 4. Give f(-19).
-224
Let q(n) = -343*n - 3801. Calculate q(-11).
-28
Let y(k) = 159*k + 97. Determine y(-1).
-62
Let n(j) = -3*j**3 - 14*j**2 + 22*j - 4. Give n(-6).
8
Let r(i) = i**2 + 13*i + 57. Calculate r(-11).
35
Let n(i) = i**3 + 50*i**2 - 41*i + 357. What is n(-51)?
-153
Let h(q) = -q**2 + 25*q - 139. Determine h(16).
5
Let n(p) = 2*p**2 - 10*p + 3. Calculate n(6).
15
Let n(f) = 10*f + 453. What is n(-6)?
393
Let x(k) = -2*k**2 + 15*k + 47. Calculate x(-9).
-250
Let k(q) = 174*q - 6825. Determine k(39).
-39
Let t(b) = -b**2 - 11214*b + 67314. Determine t(6).
-6
Let y(i) = -i**3 - 6*i**2 - 3*i + 9. What is y(-3)?
-9
Let h(f) = -f**2 - 60*f + 381. Calculate h(-66).
-15
Let q(h) = -h**3 + 15*h**2 + 25*h - 14. Determine q(17).
-167
Let g(m) = m**2 - 37*m - 323. Determine g(36).
-359
Let z(s) = 6*s**3 - 80*s**2 + 9*s - 7. What is z(13)?
-228
Let t(r) = r**2 + 16*r - 52. What is t(12)?
284
Let u(b) = 7*b**2 - 2711*b - 2710. Determine u(-1).
8
Let y(o) = -o**3 + 7*o**2 + 38*o + 31. What is y(11)?
-35
Let d(a) = 9*a**2 - 1010*a + 215. Give d(112).
-9
Let i(p) = -29*p - 622. Determine i(-21).
-13
Let s(i) = 3*i**3 - 14*i**2 + 15*i - 45. Calculate s(4).
-17
Let w(a) = 65*a - 2891. Give w(44).
-31
Let b(d) = 177*d + 2676. Determine b(-15).
21
Let i(h) = -3859*h + 19301. Determine i(5).
6
Let t(d) = -d**2 + 18*d - 41. Determine t(12).
31
Let u(a) = -16*a - 500. Calculate u(-14).
-276
Let b(x) = -2*x**3 + x**2 + 120*x + 73. Calculate b(-7).
-32
Let k(y) = 4*y**3 - y**2 - 11*y - 32. What is k(-3)?
-116
Let w(u) = -2*u**2 - 12*u + 1174. What is w(22)?
-58
Let o(g) = -g**3 - 32*g**2 - 229*g + 56. Determine o(-21).
14
Let a(u) = -u**3 - 4*u**2 + 46*u + 21. Give a(-9).
12
Let j(p) = -91*p - 1897. Calculate j(-22).
105
Let s(v) = 278*v + 2768. Determine s(-10).
-12
Let x(i) = 49*i + 164. Calculate x(4).
360
Let f(j) = -1956*j - 168212. What is f(-86)?
4
Let k(n) = 2*n**2 - 42*n - 265. What is k(-5)?
-5
Let a(q) = 7*q**2 + 565*q + 396. What is a(-80)?
-4
Let i(j) = -j**3 + 40*j**2 - j + 4. What is i(40)?
-36
Let g(r) = 2*r**3 - 9*r**2 + 49*r - 128. Calculate g(3).
-8
Let a(k) = 265*k + 3807. Calculate a(-15).
-168
Let i(t) = -162*t - 3. What is i(1)?
-165
Let r(t) = t**2 